{"id":380,"date":"2025-11-25T09:07:07","date_gmt":"2025-11-25T08:07:07","guid":{"rendered":"https:\/\/yb-isn.fr\/2025\/spc\/?page_id=380"},"modified":"2025-11-25T09:24:14","modified_gmt":"2025-11-25T08:24:14","slug":"bac-ecrit","status":"publish","type":"page","link":"https:\/\/yb-isn.fr\/2025\/spc\/?page_id=380","title":{"rendered":"Bac \u00e9crit"},"content":{"rendered":"\n<p>Cet onglet rassemble une s\u00e9lection de sujets du baccalaur\u00e9at issus principalement du site <strong><a href=\"https:\/\/labolycee.org\/\" target=\"_blank\" rel=\"noreferrer noopener\">Labolyc\u00e9e<\/a><\/strong>, accompagn\u00e9s de corrig\u00e9s d\u00e9taill\u00e9s.<br>Ils vous permettront de vous entra\u00eener efficacement \u00e0 l\u2019\u00e9preuve \u00e9crite, de r\u00e9viser les notions essentielles et de comprendre les attentes des correcteurs.<\/p>\n\n\n\n<p><strong>\ud83e\udd2b<\/strong>Les professeurs utilisent largement ce site pour vous proposer des sujets de devoir.<\/p>\n\n\n\n<p>Le menu th\u00e9matique avec ces cartes de r\u00e9visions est particuli\u00e8rement int\u00e9ressant.<\/p>\n\n\n\n<p><strong><a href=\"https:\/\/labolycee.org\/menu-thematique\/89\/89\/89\/89\" target=\"_blank\" rel=\"noreferrer noopener\">Menu th\u00e9matique<\/a><\/strong><\/p>\n\n\n\n<p>Le menu g\u00e9ographique vous permet d&rsquo;avoir des sujets complets avec les corrig\u00e9s.<\/p>\n\n\n\n<p><strong><a href=\"https:\/\/labolycee.org\/menu-geographique-0\" target=\"_blank\" rel=\"noreferrer noopener\">Menu g\u00e9ographique<\/a><\/strong><\/p>\n\n\n\n<p><\/p>\n","protected":false},"excerpt":{"rendered":"<p>Cet onglet rassemble une s\u00e9lection de sujets du baccalaur\u00e9at issus principalement du site Labolyc\u00e9e, accompagn\u00e9s de corrig\u00e9s d\u00e9taill\u00e9s.Ils vous permettront [&hellip;]<\/p>\n","protected":false},"author":1,"featured_media":0,"parent":0,"menu_order":0,"comment_status":"closed","ping_status":"closed","template":"","meta":{"_themeisle_gutenberg_block_has_review":false,"footnotes":""},"class_list":["post-380","page","type-page","status-publish","hentry"],"_links":{"self":[{"href":"https:\/\/yb-isn.fr\/2025\/spc\/index.php?rest_route=\/wp\/v2\/pages\/380","targetHints":{"allow":["GET"]}}],"collection":[{"href":"https:\/\/yb-isn.fr\/2025\/spc\/index.php?rest_route=\/wp\/v2\/pages"}],"about":[{"href":"https:\/\/yb-isn.fr\/2025\/spc\/index.php?rest_route=\/wp\/v2\/types\/page"}],"author":[{"embeddable":true,"href":"https:\/\/yb-isn.fr\/2025\/spc\/index.php?rest_route=\/wp\/v2\/users\/1"}],"replies":[{"embeddable":true,"href":"https:\/\/yb-isn.fr\/2025\/spc\/index.php?rest_route=%2Fwp%2Fv2%2Fcomments&post=380"}],"version-history":[{"count":3,"href":"https:\/\/yb-isn.fr\/2025\/spc\/index.php?rest_route=\/wp\/v2\/pages\/380\/revisions"}],"predecessor-version":[{"id":392,"href":"https:\/\/yb-isn.fr\/2025\/spc\/index.php?rest_route=\/wp\/v2\/pages\/380\/revisions\/392"}],"wp:attachment":[{"href":"https:\/\/yb-isn.fr\/2025\/spc\/index.php?rest_route=%2Fwp%2Fv2%2Fmedia&parent=380"}],"curies":[{"name":"wp","href":"https:\/\/api.w.org\/{rel}","templated":true}]}}